 -8 + 14. Let u be v + (3 + -4)*-2. Determine j(u).
2
Let w(d) = -2*d + 3. Let g(u) = 2*u + 3. Let b be g(5). Let z(p) = p**3 - 12*p**2 - 12*p - 9. Let y be z(b). What is w(y)?
-5
Let x(z) be the first derivative of -z**3/3 - 8*z**2 - 311. Determine x(-16).
0
Let p(d) be the second derivative of 0 - 9*d - 11/2*d**2 + 1/6*d**3. Calculate p(6).
-5
Let x(j) = j**2 - 10*j - 8. Let v be (3 + -7)*80/(-32). Calculate x(v).
-8
Suppose 5 = k - 0*k. Let z(m) = -9*m + 12*m + 4 - k*m. Give z(6).
-8
Let z(m) = m**2 - 11*m + 8. Let v(n) = n**3 + 14*n**2 + 27. Let f be v(-14). Suppose 19*t = 22*t - f. Determine z(t).
-10
Let q(f) be the third derivative of f**4/24 - 2*f**3/3 + 38*f**2 + f. Let l = -7 + 10. Give q(l).
-1
Let y(l) = -2 - l + 2 - 3. Let k(c) = c**3 - 7*c**2 - 4*c + 64. Let a be k(6). What is y(a)?
-7
Let m = 2 - -2. Let n(f) = -1 + m*f - 2*f + 2*f**2 + 4*f**2. Suppose -14*d + 9*d = -5. Calculate n(d).
7
Suppose -5*c + 9*b - 15 = 4*b, -5*c + 2*b = 0. Suppose 0 = -12*x - 46 - c. Let t(o) = o + 4. Determine t(x).
0
Let l be (-11)/(-3) - -4*2/24. Let u(r) = -r**2 + 4*r - 7. What is u(l)?
-7
Let o(g) = g**2 - 5*g. Let r be o(6). Let s(w) be the second derivative of w**4/6 - 3*w**3/2 + w**2/2 - 114*w. Calculate s(r).
19
Let b(j) = j**3 + 4*j**2. Let d(h) = -h**2 + 27*h + 277. Let f be d(-8). What is b(f)?
9
Let i(y) = -y**3 - 8*y**2 - 8*y - 10. Let l(w) = -w**3 + 7*w**2 - w. Suppose -2*q + 49 = 5*q. Let f be l(q). Give i(f).
-3
Let u = 17 + -15. Let p(c) = c - 3 + u + 6. Give p(0).
5
Let l(o) = -536*o + 6 + 2*o**2 + 539*o - 3*o**2. What is l(-2)?
-4
Let n = 5 - 3. Suppose n*y - 10 = -4. Let l(h) = 0*h**2 + 4 + 3*h + 0*h - h**y + h**2 - 2*h. Calculate l(0).
4
Let n(p) = -3*p**2 - 15*p + 14. Let l(o) = -o**2 - 5*o + 5. Let y be (-2)/12*2 + 8/(-3). Let g(a) = y*n(a) + 8*l(a). What is g(-5)?
-2
Suppose 14*w - 25*w = -132. Let n(d) = d**3 - 12*d**2 - d + 13. Calculate n(w).
1
Let s(w) = 2*w + 5. Let p be -2 + 4/(16/20). Let v = -12 + 15. Suppose 17 - 59 = 5*i - 3*f, 6 = -v*i - p*f. Calculate s(i).
-7
Let h(o) be the second derivative of o**3/6 - 3*o**2 - 4*o. Suppose 7*m = 8*m. Determine h(m).
-6
Let d(x) be the first derivative of x**4/4 - x**2/2 + 6*x + 1. Suppose q = 15 - 5. Let z(a) = 2*a - 20. Let j be z(q). What is d(j)?
6
Let w = 1893 - 1883. Let v(r) = 2*r**2 - 17*r - 34. Calculate v(w).
-4
Suppose -m + 34 = 5*i, 5*m + 0*m - 20 = 0. Let a(v) = -6*v + 38. Give a(i).
2
Let o(t) = 3*t. Let a = -283 - -284. Calculate o(a).
3
Let i = 16 - 22. Let m be 2 + -2 + (i - -5). Let h(j) = -15*j + 3. Let q(l) = 1. Let r(p) = m*h(p) + 4*q(p). What is r(1)?
16
Let k(q) = q**2 + 5*q - 24. Let o be k(-8). Let h be -1*(o + 4 + -5). Let y(w) = 11*w + 1. Calculate y(h).
12
Let g(m) = m**3 + 13*m**2 - 9*m + 9. Let i(w) = 2*w**3 + 25*w**2 - 18*w + 18. Let y(r) = -7*g(r) + 4*i(r). Give y(-10).
-1
Let s(n) = 2*n**2 + n. Let h = 11 - 47. Let p be (-1)/(-2) - (-2 + h/(-8)). Give s(p).
6
Let a be (-2)/(-3) - 57/(-9). Suppose a*n = n - 222. Let w = n + 34. Let u(z) = -2*z + 2. Calculate u(w).
8
Let v be 33/22 - (-1 - 1/(-2)). Suppose 0 = -0*t + v*t + 12. Let u(z) = z**2 + 8*z + 3. What is u(t)?
-9
Let s(k) be the third derivative of -k**4/6 - k**3/2 - 11*k**2. Let j(t) = t. Let c(d) = 6*j(d) + s(d). Determine c(-3).
-9
Let i = -107 + 198. Let w = i - 94. Let h(a) = -a**2 - a + 4. Calculate h(w).
-2
Let c(i) = 5*i**2 + 13*i. Let k(g) = -6*g**2 - 15*g. Let z(b) = 7*c(b) + 6*k(b). What is z(-2)?
-6
Let p(k) = -8*k**3 + 2*k**2 - k. Suppose 27 = -5*q + 52. Suppose 0*j - j + 13 = 0. Suppose -8*w + j*w = q. What is p(w)?
-7
Let c(r) = r + 3. Let j(z) be the first derivative of -z**2/2 - 2*z + 17. Let o(n) = 6*c(n) + 7*j(n). Let i be (-16)/3 - (-4)/(-6). Calculate o(i).
10
Let c = 806 - 812. Let o(m) = m**2 + 7*m + 4. Give o(c).
-2
Suppose 2*z - x - 5 = -z, -4 = -4*x. Suppose z*f + c = 4*f - 10, 5 = f + c. Let k(t) = -2*t - 1 + 6 - f + 1. Calculate k(3).
-5
Suppose -66*c + 21 = -63*c - 3*v, 3*c - 21 = 4*v. Let a(x) be the second derivative of x**3/6 - 3*x**2 + x. Determine a(c).
1
Let l(i) = -i**3 - 8*i**2 - 10*i - 23. Let m be l(-7). Let k be (m + -1)*(1 - 0). Let c(a) = a - 4. Give c(k).
-7
Let x(d) = -d**3 + d**2 + d + 2. Let t(y) = -18*y**3 + 7*y**2 + 3*y + 11. Let w(a) = t(a) - 5*x(a). Calculate w(1).
-12
Suppose -20*o + 19*o + 3 = 0. Let h(s) = s**3 - 4*s**2 - 3. What is h(o)?
-12
Let f = 103 + -104. Let n(s) = -14*s. What is n(f)?
14
Let b = -2566 - -2565. Let r(q) = 21*q**2 + q. Give r(b).
20
Let v(n) = 167 - 312 - 2*n + 154. What is v(9)?
-9
Let i be (-6)/(-15) + (-13)/(-5). Let f be 5/15 - (-2)/3. Let v(j) = j**2 + 4 - 3 - 7*j**i + f - 3. Calculate v(1).
-7
Let v(l) = -l - 6. Suppose 5 - 1 = -4*n, 5*c + 3*n + 73 = 0. What is v(c)?
8
Let k(a) = -a**2 + 5*a. Let r be k(4). Suppose 2*l = -4*u + 7*l + 25, 0 = -3*u - 5*l - 25. Let b(y) = u - 6*y + 2*y**2 + 3 + 0 + 0. Determine b(r).
11
Suppose -4 = -4*t, -4*j - 5*t + 10 + 11 = 0. Let f(k) = k - 4. Let b be f(12). Suppose c + c - 2*z = -2, -j*z - b = -2*c. Let u(l) = -l**2 - 5*l + 8. Give u(c).
2
Suppose -24 = -0*r - 8*r. Let l(q) = -q - q - 4*q**2 + r*q - q**3 + 3*q**2. Give l(2).
-10
Let a(v) be the first derivative of -v**3/3 - v**2 + v - 2. Let y(z) = -z**3 + 13*z**2 - 17*z + 56. Let n be y(12). What is a(n)?
-7
Let l(u) = -u - 6. Let g(o) = -o**2 - 43*o - 224. Let n be g(-6). Determine l(n).
-4
Suppose -9*n + 20*n + 66 = 0. Let f(x) = -2 - 2*x + x**2 - 6*x - x**2 - x**2. Calculate f(n).
10
Let c be 164/28 - (-3)/21. Let u(l) be the third derivative of 0*l**3 + 1/24*l**4 - 7/60*l**5 + 0 + c*l**2 + 0*l. What is u(1)?
-6
Let b(h) = h - 1. Let m = -217 - -216. Calculate b(m).
-2
Let o(g) be the first derivative of 7*g**3/3 + g**2/2 - 665. Let j = -1 - -2. Determine o(j).
8
Let i(n) = n**3 - 4*n - 1. Suppose 28 = -t - 5*g, 22*g - 17*g = -4*t - 37. What is i(t)?
-16
Let q = 3207 - 3211. Let b(d) = 0 + d**2 - 4 + d + 0. Give b(q).
8
Suppose 4*q = 2*q + 6. Let v be q*21*2/18. Let m = v - 3. Let o(i) = -i + 2. Calculate o(m).
-2
Let a(w) be the first derivative of 0*w - 3*w**2 - 18 - 1/3*w**3. Determine a(-7).
-7
Let u(m) = -m**3 - 7*m**2 - 3*m + 10. Let l(w) = -w**3 - 19*w**2 + 3*w + 51. Let f be l(-19). Determine u(f).
-8
Let q = 4585 + -4590. Let r(d) = 2*d**2 - 9*d - 13. Let y(u) = -u**2 + 4*u + 6. Let v(o) = 3*r(o) + 7*y(o). What is v(q)?
-27
Let t(x) be the third derivative of x**7/840 - x**6/120 - x**5/60 + x**4/8 + 13*x**3/3 - 21*x**2. Let z(u) be the first derivative of t(u). Calculate z(4).
11
Let o(u) = u + 3. Let k(r) = r**2 + 9*r + 15. Let y(f) = -f - 1. Let j(q) = -k(q) + 4*y(q). Let t be j(-11). Give o(t).
6
Let w(s) = s**3 - 6*s**2 + 7*s - 4. Let c = 42 - 38. Suppose 4*o = 24 - c. What is w(o)?
6
Let z(b) be the first derivative of 5*b**2/2 + 76. Give z(3).
15
Let t(u) be the third derivative of u**4/3 - 5*u**3/3 + 840*u**2. Determine t(2).
6
Let w(q) = -11*q**3 - q**2 - q - 1. Suppose 5*b - 40 = 4*m, 2*m + 5 = -b - 1. Suppose -7*k = -b*k + 3. Give w(k).
10
Let h(a) = a**2 - 2*a + 2*a + 5*a + 319 - 321. Determine h(-6).
4
Let c = 34 + -32. Let s(r) = -c + 10 - 2*r - 7. What is s(-3)?
7
Let n(h) = -8*h + 12 - 1 - 2*h**2 - 5*h. Let f(b) = -b**2 - 7*b + 6. Let r(v) = -5*f(v) + 3*n(v). Let x be 5/(10/8) - 2. What is r(x)?
-9
Suppose 3*p + 2*p = 0. Let b(v) be the first derivative of -v**2/2 + 17*v - 99. What is b(p)?
17
Suppose -2*g - 12 = -0*g. Let t be (1 - g/(-2))*-1. Let h(k) = 1 - 6 - k**t + 2*k**2 - 3 + 3*k. Calculate h(-6).
10
Let q(j) = 3*j - 31. Suppose 2*b = -0 + 16. Let r be q(b). Let g(w) = -w - 2. Determine g(r).
5
Let l be (2*3/(-7))/((-3)/28). Suppose l*r - 8 + 0 = 0. Let n(t) = -3*t**3 + 2*t - 1. Determine n(r).
-2
Let r(l) be the first derivative of l**4/4 - 2*l**3/3 + l**2/2 - 12*l + 792. Calculate r(3).
0
Let l be (-12)/(-9)*-27*1/(-4). Let d(i) = -i + 6. What is d(l)?
-3
Let t(v) = -v**3 + 6*v**2 + 4*v + 2. Let o(x) be the second derivative of x**5/20 - x**4/12 + x**2/2 - 8*x. Let f(w) = 2*o(w) + t(w). Calculate f(-3).
1
Let q(t) = 4*t**2 - 4*t + 1. Suppose -183 + 105 = -26*v. Determine q(v).
25
Let q(m) be the second derivative of -m**4/12 - 4*m**3/3 - 3*m**2 + 152*m. Calculate q(-6).
6
Let d(v) = 2235*v - 2228*v + 2 + 2 + 1. Give d(-4).
-23
Suppose 3*r = -r + 12. Let g(h) = -1 + 1 + r*h. Suppose